t is the greatest common divisor of 2 and 46683659?
1
Calculate the highest common factor of 434265 and 32750.
655
What is the highest common factor of 112617908 and 364?
52
Calculate the greatest common factor of 5639189 and 1896233.
4951
Calculate the highest common factor of 48810 and 212175.
15
Calculate the greatest common factor of 110 and 185458592.
22
What is the greatest common factor of 794 and 22691726?
794
What is the highest common divisor of 11 and 5251763?
11
Calculate the highest common divisor of 275720 and 89975.
305
Calculate the highest common factor of 664652 and 9551572.
7468
What is the highest common factor of 1432887 and 27?
3
Calculate the greatest common divisor of 8132925 and 20.
5
Calculate the greatest common divisor of 1 and 5709643.
1
What is the highest common divisor of 14 and 42419034?
14
Calculate the highest common divisor of 34399395 and 135.
45
Calculate the greatest common factor of 105676 and 247428.
116
What is the highest common divisor of 3274314 and 6858?
762
Calculate the greatest common factor of 284 and 232476081.
71
Calculate the greatest common factor of 20046475 and 15.
5
Calculate the greatest common divisor of 29456 and 3661.
7
Calculate the greatest common divisor of 5168 and 205723222.
646
What is the greatest common factor of 28 and 6062994?
14
What is the greatest common factor of 8511 and 510381974?
2837
Calculate the highest common divisor of 3786 and 13416322.
1262
Calculate the highest common factor of 1674 and 79921503.
279
What is the highest common factor of 6692505 and 5709?
519
Calculate the greatest common factor of 7638 and 420888.
114
What is the highest common divisor of 8323 and 2235436?
203
Calculate the highest common factor of 41954113 and 8449.
1207
Calculate the greatest common factor of 6695574 and 2.
2
What is the highest common divisor of 90 and 5478069?
3
What is the greatest common divisor of 76599 and 3591?
27
What is the greatest common divisor of 13232 and 7777108?
3308
What is the greatest common factor of 535028 and 13936?
52
Calculate the highest common factor of 530 and 1316780.
10
Calculate the greatest common factor of 114512031 and 9.
9
What is the highest common factor of 65543401 and 11?
11
Calculate the highest common divisor of 17109156 and 588.
12
What is the highest common divisor of 130 and 179813894?
26
Calculate the highest common factor of 55105 and 34608.
103
Calculate the greatest common divisor of 1120861 and 9316.
17
What is the greatest common divisor of 1192 and 1784275?
149
Calculate the greatest common factor of 27893268 and 9204.
156
Calculate the highest common factor of 3415125 and 140.
35
What is the highest common factor of 141763020 and 791?
791
Calculate the greatest common divisor of 2679323 and 2658935.
1699
What is the greatest common divisor of 1484736 and 7612?
44
Calculate the highest common factor of 975584 and 1140704.
1376
Calculate the greatest common factor of 2165588 and 1334.
46
Calculate the highest common divisor of 2972093 and 425.
17
Calculate the greatest common divisor of 1756328 and 2072.
56
What is the highest common factor of 1995944 and 2429?
347
What is the highest common divisor of 31858022 and 1832?
458
What is the highest common factor of 33755224 and 12416?
776
What is the highest common divisor of 187147375 and 51420?
4285
Calculate the greatest common divisor of 288948 and 63282.
1194
Calculate the greatest common divisor of 5161 and 1569893.
13
What is the greatest common divisor of 32291175 and 135?
15
What is the greatest common divisor of 592438 and 498806?
154
Calculate the highest common divisor of 12167194 and 416.
26
Calculate the highest common factor of 9037895 and 62.
31
What is the greatest common factor of 1071119 and 289?
17
Calculate the greatest common factor of 58483 and 45901.
233
What is the greatest common divisor of 9919 and 1568619?
1417
Calculate the highest common divisor of 20901712 and 624.
208
What is the greatest common factor of 63802 and 190057?
19
What is the greatest common divisor of 151757 and 13601?
29
Calculate the highest common divisor of 579758205 and 156.
39
What is the highest common factor of 626 and 4088475799?
313
What is the greatest common factor of 511 and 10427620?
7
What is the greatest common divisor of 12 and 112231047?
3
Calculate the greatest common divisor of 978652 and 773015.
1501
What is the greatest common factor of 10798011 and 642663?
6363
What is the greatest common divisor of 146616 and 3421636?
596
What is the highest common divisor of 3189900 and 138105?
465
Calculate the highest common factor of 77872 and 357616.
496
Calculate the highest common divisor of 1058585 and 230945.
1045
What is the highest common factor of 1342 and 754021?
61
Calculate the highest common factor of 66242 and 2486.
22
What is the greatest common divisor of 8931613 and 99130?
9913
What is the greatest common divisor of 49309161 and 33?
33
What is the greatest common factor of 55854792 and 13284?
4428
Calculate the greatest common divisor of 6615 and 95449410.
315
What is the greatest common factor of 129133 and 2387777?
263
Calculate the highest common divisor of 23670630 and 522.
18
Calculate the highest common factor of 22 and 81480806.
22
Calculate the highest common divisor of 262 and 83080724.
262
What is the greatest common factor of 12612 and 55356?
12
What is the greatest common factor of 9403184 and 67024?
944
What is the highest common factor of 4269660 and 1520?
20
What is the greatest common factor of 1006699206 and 4044?
2022
What is the highest common divisor of 26695 and 1980085?
95
What is the highest common divisor of 296 and 1174676?
148
Calculate the highest common divisor of 12 and 15356367.
3
What is the greatest common factor of 2593224 and 81?
9
What is the highest common divisor of 2009 and 15615957?
2009
What is the greatest common factor of 1088 and 13102784?
1088
Calculate the highest common divisor of 27336393 and 10017.
10017
Calculate the greatest common factor of 37908776 and 136.
136
What is the greatest common factor of 1507320 and 228?
12
Calculate the greatest common divisor of 10821819 and 597.
597
Calculate the highest common divisor of 804 and 322776.
12
What is the highest common factor of 2295 and 4478004?
459
What is the highest common factor of 12326008 and 84?
4
What is the highest common factor of 2960 and 8996920?
1480
Calculate the greatest common factor of 362 and 5182211.
181
Calculate the highest common divisor of 5 and 112412035.
5
Calculate the highest common factor of 1802 and 386945262.
1802
Calculate the highest common divisor of 59 and 82857358.
59
Calculate the highest common factor of 1308 and 1276836.
12
Calculate the highest common factor of 3696866 and 29930.
146
What is the greatest common factor of 228792228 and 1428?
84
Calculate the greatest common divisor of 624501 and 564.
3
Calculate the greatest common divisor of 13032 and 64986.
6
What is the highest common factor of 8577031 and 97?
97
What is the highest common factor of 416486 and 120274?
994
Calculate the highest common divisor of 29167830 and 21.
3
Calculate the highest common divisor of 3406 and 9535110.
26
Calculate the greatest common factor of 4490103 and 28767.
129
What is the highest common divisor of 730 and 48025970?
730
What is the highest common divisor of 30 and 562019320?
10
What is the highest common divisor of 1482132 and 348?
348
What is the highest common factor of 252126525 and 175?
175
Calculate the greatest common factor of 3654705 and 3390.
15
Calculate the greatest common factor of 2002 and 297734437.
1001
Calculate the greatest common factor of 210777 and 483.
21
What is the highest common divisor of 39111335 and 820?
205
Calculate the highest common factor of 17612 and 276636716.
2516
Calculate the highest common factor of 23715 and 89063.
527
What is the highest common factor of 3431 and 2075473?
47
Calculate the greatest common factor of 4781201 and 1730.
173
Calculate the highest common divisor of 197 and 950421181.
197
Calculate the greatest common divisor of 1794 and 31854954.
138
Calculate the highest common divisor of 64530 and 2533400.
2390
What is the highest common divisor of 4304 and 245925180?
1076
Wh